*s. What are the prime factors of s?
11
Suppose -z - 3*z = 0. Suppose -t - h + 8 = z, -2*h = -5*t - 17 + 57. What are the prime factors of t?
2
Suppose 0 = 5*x + 2 + 3. List the prime factors of (4 + x)/6*14.
7
Let m = 207 - 82. List the prime factors of m.
5
Let m(z) = 5*z**2 + 4*z - 1. List the prime factors of m(3).
2, 7
Let u be (-1)/(1 + 14/(-12)). Suppose 0 = 2*x + 4*w - 22, 5*x + 4*w + u - 37 = 0. What are the prime factors of x?
3
Suppose 4*l = -3*x - 0*x + 22, 2*x - 3*l + 8 = 0. Suppose 0*t - 22 = -4*t - x*i, -3*i - 27 = -4*t. What are the prime factors of ((-3)/t)/((-2)/68)?
17
Suppose 2*a - 8 = 3*x, -2*a + 6*a - 16 = 0. Suppose x*n + 6*n - 222 = 0. What are the prime factors of n?
37
Suppose 0 = -b - 2 + 4. Let o = 0 - b. Let z = o + 13. What are the prime factors of z?
11
Let c be (-2)/(-1 - (-2 - -2)). Suppose 0 = 2*b + 2*h - 28, -b - 2*h + 11 + c = 0. Let o = b + -11. What are the prime factors of o?
2
Suppose -a - 4*a = -5*k + 350, -4*k + 283 = -3*a. List the prime factors of k.
73
Let i(w) = w**2 - 10*w - 63. List the prime factors of i(-15).
2, 3, 13
Let o be 20/4 - (1 + -1). Suppose 4*c + o = 25. List the prime factors of (c/2)/(1/2).
5
Let c(b) = b**2 + 12*b - 15. List the prime factors of c(-14).
13
Suppose -n = -0*a - a + 84, -3*n + 100 = a. What are the prime factors of a?
2, 11
Let t(r) = -4*r + 2. Let l(m) = -m**2 + 8*m + 6. Let j be l(9). Let c be t(j). Suppose -v = v - c. List the prime factors of v.
7
Let q be (-1 + -21 + 0)/2. What are the prime factors of (8 - 6)/((-2)/q)?
11
List the prime factors of (-5 + 3)/(-6) - (-164)/3.
5, 11
Let p(w) = -w**3 - 8*w**2 - w - 4. Let l be p(-8). Suppose 0 = l*r - 30 - 42. List the prime factors of r.
2, 3
Suppose 0 = 3*u - 13 - 17. Suppose -p = 5*c - 66, c + 4*p - u = 3*p. Suppose -3*t - c = -2*d + d, 3*d - t - 18 = 0. List the prime factors of d.
5
Let o(p) = p**3 - 10*p**2 + 13*p - 11. What are the prime factors of o(9)?
5
Let b be 1/(1 + (-18)/21). Let q = 12 - b. What are the prime factors of q?
5
Suppose 6*u - 13 = 5*u. Let z = 24 - u. List the prime factors of z.
11
Suppose 0 = 2*g - 0*g + 80. List the prime factors of g/(-12)*24/10.
2
Let c = -35 + 66. Let y = 53 - c. Let n = -5 + y. List the prime factors of n.
17
Let b be -15*-2*1/6. Suppose -b*u - g + 5 = -0*g, 15 = 3*u + 3*g. Suppose u = a + 4*a - 15. What are the prime factors of a?
3
Suppose -z = -18 - 12. Let m be 4/14 + 78/21. Suppose -2*p + z = m*t - 3*t, 0 = p - 4*t - 33. What are the prime factors of p?
17
Let h be (1 - -2)*12/(-4). Let m = h - -16. What are the prime factors of m?
7
Let g(v) be the first derivative of v**3/3 + 7*v**2/2 - 13*v + 2. What are the prime factors of g(-9)?
5
Let p = -22 - -230. List the prime factors of p.
2, 13
Let r = -36 - -53. Let u = -8 + r. What are the prime factors of (1 - u/6)*-6?
3
Let o = -111 + 165. List the prime factors of o.
2, 3
Let b be (-1)/2 + 4/8. Let w = 2 + b. List the prime factors of w + (5 - 4/2).
5
Suppose -8 = g - 80. Let t = -43 + g. Let s = t - 20. List the prime factors of s.
3
Suppose -4*c - 4*g - 12 = 0, 0*g = -2*g - 10. Suppose -r = -x, 6*r = 2*x + c*r + 4. What are the prime factors of x?
2
Suppose -3*x = -5 - 10. Let o = -3 + 7. Suppose -60 = -x*b - 0*h + 5*h, 0 = 3*b + 5*h - o. List the prime factors of b.
2
Suppose 4*z = -z + 165. What are the prime factors of z?
3, 11
Suppose 6 = -3*w + 2*w. List the prime factors of ((-39)/(-6))/((-3)/w).
13
Let w = 23 + -23. Suppose k + 4 - 30 = w. List the prime factors of k.
2, 13
Suppose 0 = 3*j - 5*j + 16. Suppose 5*o - 2*w - 3*w - 10 = 0, -3*w = 2*o + 6. Suppose o = h - j - 2. What are the prime factors of h?
2, 5
Let s = 86 - 9. What are the prime factors of s?
7, 11
Let v(b) = -b**2 - 7*b - 2. Let q be v(-6). Suppose 4*i = -i + 25. Suppose -q*m - i = m + 3*f, -2*m + 5*f = -29. What are the prime factors of m?
2
Let p(l) = l**3 - 3*l**2 + 5*l - 5. Let v be p(4). Let j = -18 + v. What are the prime factors of j?
13
Let j(n) = 3*n - 1. Suppose -6 = 3*d - 2*t + 3, t = 3. Let z be j(d). What are the prime factors of z/(-10)*5*6?
2, 3
Suppose 0 = -3*r - 29 + 8. Let z = r - 3. What are the prime factors of (8/8)/((-1)/z)?
2, 5
Let l(n) = 4*n**2 + 10*n - 12. List the prime factors of l(-8).
2, 41
Let b = 4 - 4. Suppose b = d - 0 - 2. What are the prime factors of d?
2
What are the prime factors of (-163)/(-5) - 10/(-25)?
3, 11
Let d(l) = -l**2 + l + 2. Let v be d(0). Suppose 0 = -3*x - 2*x + 15, 2*x = 2*t + v. Suppose -54 = -t*w - w. List the prime factors of w.
2, 3
Let v = -112 + 161. Suppose -3*i + 5 = -v. What are the prime factors of i?
2, 3
Let q = 688 - 437. List the prime factors of q.
251
Let r = 1 - 4. Let v(p) = -p**3 + 3*p**2 + 2*p + 1. Let h be v(3). Let y = h + r. What are the prime factors of y?
2
Suppose 0 = -15*r + 18*r - 132. What are the prime factors of r?
2, 11
Suppose 5*f + 0*x = 4*x + 239, -2*f - 3*x = -91. List the prime factors of f.
47
Suppose -4*d - 58 = -6*d. What are the prime factors of d?
29
Let r = 4 + -3. Let y be -14*2/(-4)*r. Suppose 0 = -4*i - y*j + 2*j + 21, 19 = 5*i - j. List the prime factors of i.
2
Suppose 0 = -3*s + 5*s - 160. List the prime factors of 4/(-14) + s/35.
2
Let p(v) = -v + 7. Let d be p(9). Let j(h) = -8*h - 2. Let y be j(d). List the prime factors of (1 - 0)/(-1) + y.
13
Let u be 4 + (0 - -1) + -2. Let h(a) = -5*a**2 - a - 9. Let d(g) = 3*g**2 + 5. Let f(s) = -7*d(s) - 4*h(s). What are the prime factors of f(u)?
2
Suppose 4*q - 8 - 24 = 0. Suppose 0*y - y = -3*d, 3*y = 3*d. List the prime factors of (12 - d)*q/6.
2
Let u(l) = l**2 - 14*l + 10. What are the prime factors of u(16)?
2, 3, 7
Suppose 3*s + 9 = 0, z - s + 3*s - 66 = 0. What are the prime factors of z?
2, 3
Suppose -30 = -5*p + 65. Let h = p - 7. What are the prime factors of h?
2, 3
Suppose 0 - 8 = 2*x + 4*y, -3*x - 3*y = 0. What are the prime factors of (2/x)/((-1)/(-58))?
29
Suppose -4*l = -4*n + 1288, 3 = l + 8. List the prime factors of n.
317
Suppose 14*w = 11*w + 108. What are the prime factors of w?
2, 3
Suppose 14 = -6*o + 74. List the prime factors of o.
2, 5
Let n be (-2 - -2) + (0 - -13). Let p = 1 + -9. Let s = n + p. List the prime factors of s.
5
Let n(s) = -s + 33. What are the prime factors of n(-11)?
2, 11
Let f(z) = z**2 - 8*z - 8. Let g be f(8). Let o(l) = -2*l - 12. List the prime factors of o(g).
2
Suppose -u + 5*i = -6, -57 = -4*u + 5*i - 3. Suppose 0 = -0*c - 4*c + u. List the prime factors of c.
2
Let j(d) = d - 2. Let c(n) = n**3 - 3*n**2 - 4. Let z be c(3). Let g be (-30)/z*(-2)/(-3). What are the prime factors of j(g)?
3
Let u(z) = 0*z**3 - z**2 - z + z**3 - 6*z**2 + 2*z**2 + 5. Let q be u(5). Suppose q = -5*o + d + 24, 5*d = 2*o - 28. List the prime factors of o.
2
Suppose -4*p = -5*j + 3*j + 12, 4*j + 2*p = 4. Suppose -n = 2*n + 3*b - 9, -4*n - j*b = -10. List the prime factors of n/7 + (-110)/(-7).
2
Suppose -4*x = -2*x + 10. Suppose -5*f + 3 = 28, 3*f = -4*i - 23. Let m = i - x. List the prime factors of m.
3
Suppose 0 = -5*s + 5*c + 180, -3*s + 2*c = -0*c - 105. List the prime factors of s.
3, 11
Let c = 54 - -21. List the prime factors of c.
3, 5
Let b = -324 + 488. List the prime factors of b.
2, 41
Let l(b) = 6*b. Let i be l(-1). Let d(s) = 20*s**2 - 2*s**3 + 3*s**3 - 3 - 13*s**2 + 5*s. What are the prime factors of d(i)?
3
Suppose -2*u + 49 = 5*n, 3*u + n = 6*n + 61. What are the prime factors of u?
2, 11
Let j(b) = b**2 - 2*b - 2. Let i(d) = -d**3 + 6*d**2 - 2*d - 10. Let o be i(5). What are the prime factors of j(o)?
13
Let x(j) = -26*j - 24. What are the prime factors of x(-3)?
2, 3
Let n = 151 - -42. What are the prime factors of n?
193
Let w be (4/10)/((-2)/110). Let v = 45 + w. List the prime factors of v.
23
Let o = -106 - -211. List the prime factors of o.
3, 5, 7
Suppose l + 24 = 3*l. Let g be -10*2*(-3)/l. Suppose -2*i + 4 = g*w - 53, -38 = -3*i + 2*w. What are the prime factors of i?
2
Let m(s) = 2*s - 4. Let y = -2 - 2. Let d = 5 - y. What are the prime factors of m(d)?
2, 7
Let l(p) = 2*p**2 + 2*p - 4. Let h(a) = 3*a**2 + 3*a - 5. Let f(r) = 3*h(r) - 4*l(r). What are the prime factors of f(3)?
13
Suppose 0 = -4*m + 3*h + 38 + 28, -h - 88 = -5*m. What are the prime factors of m?
2, 3
Let s be ((-1)/2)/((-2)/300). Suppose -4*u - f = u - s, f +